{"id":1149,"date":"2008-05-26T19:56:06","date_gmt":"2008-05-26T18:56:06","guid":{"rendered":"http:\/\/nk.krasic.com\/?page_id=1149"},"modified":"2008-05-26T22:02:48","modified_gmt":"2008-05-26T21:02:48","slug":"fotokupjamnica-krasic","status":"publish","type":"page","link":"https:\/\/nk.krasic.com\/?page_id=1149","title":{"rendered":"FOTO:Kup,Jamnica-Kra\u0161i\u0107"},"content":{"rendered":"<p>Utakmica finale kupa&#8230;22.05.2008.<\/p>\n<p>Jamnica &#8211; Kra\u0161i\u0107 0-1, strijelac JOSIP PENI\u0106 &#8211; MICEK (as.Dario Novosel)<\/p>\n<p><a href=\"https:\/\/nk.krasic.com\/wp-content\/uploads\/2008\/05\/img_1426.jpg\" title=\"img_1426.jpg\"><img decoding=\"async\" src=\"https:\/\/nk.krasic.com\/wp-content\/uploads\/2008\/05\/img_1426.thumbnail.jpg\" alt=\"img_1426.jpg\" \/><\/a> <a href=\"https:\/\/nk.krasic.com\/wp-content\/uploads\/2008\/05\/img_1428.jpg\" title=\"img_1428.jpg\"><img decoding=\"async\" src=\"https:\/\/nk.krasic.com\/wp-content\/uploads\/2008\/05\/img_1428.thumbnail.jpg\" alt=\"img_1428.jpg\" \/> <\/a><a href=\"https:\/\/nk.krasic.com\/wp-content\/uploads\/2008\/05\/img_1440.jpg\" title=\"img_1440.jpg\"><img decoding=\"async\" src=\"https:\/\/nk.krasic.com\/wp-content\/uploads\/2008\/05\/img_1440.thumbnail.jpg\" alt=\"img_1440.jpg\" \/><\/a><a href=\"https:\/\/nk.krasic.com\/wp-content\/uploads\/2008\/05\/img_1426.jpg\" title=\"img_1426.jpg\"> <\/a><a href=\"https:\/\/nk.krasic.com\/wp-content\/uploads\/2008\/05\/img_1440.jpg\" title=\"img_1440.jpg\"> <\/a><\/p>\n<p><a href=\"https:\/\/nk.krasic.com\/wp-content\/uploads\/2008\/05\/img_1442.jpg\" title=\"img_1442.jpg\"><img decoding=\"async\" src=\"https:\/\/nk.krasic.com\/wp-content\/uploads\/2008\/05\/img_1442.thumbnail.jpg\" alt=\"img_1442.jpg\" \/><\/a> <a href=\"https:\/\/nk.krasic.com\/wp-content\/uploads\/2008\/05\/img_1449.jpg\" title=\"img_1449.jpg\"><img decoding=\"async\" src=\"https:\/\/nk.krasic.com\/wp-content\/uploads\/2008\/05\/img_1449.thumbnail.jpg\" alt=\"img_1449.jpg\" \/><\/a> <a href=\"https:\/\/nk.krasic.com\/wp-content\/uploads\/2008\/05\/img_1454.jpg\" title=\"img_1454.jpg\"><img decoding=\"async\" src=\"https:\/\/nk.krasic.com\/wp-content\/uploads\/2008\/05\/img_1454.thumbnail.jpg\" alt=\"img_1454.jpg\" \/><\/a><\/p>\n<p><a href=\"https:\/\/nk.krasic.com\/wp-content\/uploads\/2008\/05\/img_1460.jpg\" title=\"img_1460.jpg\"><img decoding=\"async\" src=\"https:\/\/nk.krasic.com\/wp-content\/uploads\/2008\/05\/img_1460.thumbnail.jpg\" alt=\"img_1460.jpg\" \/><\/a> <a href=\"https:\/\/nk.krasic.com\/wp-content\/uploads\/2008\/05\/img_1466.jpg\" title=\"img_1466.jpg\"><img decoding=\"async\" src=\"https:\/\/nk.krasic.com\/wp-content\/uploads\/2008\/05\/img_1466.thumbnail.jpg\" alt=\"img_1466.jpg\" \/><\/a><\/p>\n<p><a href=\"https:\/\/nk.krasic.com\/wp-content\/uploads\/2008\/05\/img_1467.jpg\" title=\"img_1467.jpg\"><img decoding=\"async\" src=\"https:\/\/nk.krasic.com\/wp-content\/uploads\/2008\/05\/img_1467.thumbnail.jpg\" alt=\"img_1467.jpg\" \/><\/a> <a href=\"https:\/\/nk.krasic.com\/wp-content\/uploads\/2008\/05\/img_1470.jpg\" title=\"img_1470.jpg\"><img decoding=\"async\" src=\"https:\/\/nk.krasic.com\/wp-content\/uploads\/2008\/05\/img_1470.thumbnail.jpg\" alt=\"img_1470.jpg\" \/><\/a><\/p>\n<p><a href=\"https:\/\/nk.krasic.com\/wp-content\/uploads\/2008\/05\/img_1471.jpg\" title=\"img_1471.jpg\"><img decoding=\"async\" src=\"https:\/\/nk.krasic.com\/wp-content\/uploads\/2008\/05\/img_1471.thumbnail.jpg\" alt=\"img_1471.jpg\" \/><\/a> <a href=\"https:\/\/nk.krasic.com\/wp-content\/uploads\/2008\/05\/img_1483.jpg\" title=\"img_1483.jpg\"><img decoding=\"async\" src=\"https:\/\/nk.krasic.com\/wp-content\/uploads\/2008\/05\/img_1483.thumbnail.jpg\" alt=\"img_1483.jpg\" \/> <\/a><a href=\"https:\/\/nk.krasic.com\/wp-content\/uploads\/2008\/05\/img_1486.jpg\" title=\"img_1486.jpg\"><img decoding=\"async\" src=\"https:\/\/nk.krasic.com\/wp-content\/uploads\/2008\/05\/img_1486.thumbnail.jpg\" alt=\"img_1486.jpg\" \/><\/a><\/p>\n<p><a href=\"https:\/\/nk.krasic.com\/wp-content\/uploads\/2008\/05\/img_1489.jpg\" title=\"img_1489.jpg\"><img decoding=\"async\" src=\"https:\/\/nk.krasic.com\/wp-content\/uploads\/2008\/05\/img_1489.thumbnail.jpg\" alt=\"img_1489.jpg\" \/><\/a> <a href=\"https:\/\/nk.krasic.com\/wp-content\/uploads\/2008\/05\/img_1493.jpg\" title=\"img_1493.jpg\"><img decoding=\"async\" src=\"https:\/\/nk.krasic.com\/wp-content\/uploads\/2008\/05\/img_1493.thumbnail.jpg\" alt=\"img_1493.jpg\" \/><\/a><\/p>\n<p><a href=\"https:\/\/nk.krasic.com\/wp-content\/uploads\/2008\/05\/img_1507.jpg\" title=\"img_1507.jpg\"><img decoding=\"async\" src=\"https:\/\/nk.krasic.com\/wp-content\/uploads\/2008\/05\/img_1507.thumbnail.jpg\" alt=\"img_1507.jpg\" \/><\/a> <a href=\"https:\/\/nk.krasic.com\/wp-content\/uploads\/2008\/05\/img_1509.jpg\" title=\"img_1509.jpg\"><img decoding=\"async\" src=\"https:\/\/nk.krasic.com\/wp-content\/uploads\/2008\/05\/img_1509.thumbnail.jpg\" alt=\"img_1509.jpg\" \/> <\/a><a href=\"https:\/\/nk.krasic.com\/wp-content\/uploads\/2008\/05\/img_1511.jpg\" title=\"img_1511.jpg\"><img decoding=\"async\" src=\"https:\/\/nk.krasic.com\/wp-content\/uploads\/2008\/05\/img_1511.thumbnail.jpg\" alt=\"img_1511.jpg\" \/><\/a><\/p>\n<p><a href=\"https:\/\/nk.krasic.com\/wp-content\/uploads\/2008\/05\/img_1513.jpg\" title=\"img_1513.jpg\"><img decoding=\"async\" src=\"https:\/\/nk.krasic.com\/wp-content\/uploads\/2008\/05\/img_1513.thumbnail.jpg\" alt=\"img_1513.jpg\" \/><\/a> <a href=\"https:\/\/nk.krasic.com\/wp-content\/uploads\/2008\/05\/img_1517.jpg\" title=\"img_1517.jpg\"><img decoding=\"async\" src=\"https:\/\/nk.krasic.com\/wp-content\/uploads\/2008\/05\/img_1517.thumbnail.jpg\" alt=\"img_1517.jpg\" \/><\/a> <a href=\"https:\/\/nk.krasic.com\/wp-content\/uploads\/2008\/05\/img_1522.jpg\" title=\"img_1522.jpg\"><img decoding=\"async\" src=\"https:\/\/nk.krasic.com\/wp-content\/uploads\/2008\/05\/img_1522.thumbnail.jpg\" alt=\"img_1522.jpg\" \/><\/a><\/p>\n<p><a href=\"https:\/\/nk.krasic.com\/wp-content\/uploads\/2008\/05\/krasic1.jpg\" title=\"krasic1.jpg\"><img decoding=\"async\" src=\"https:\/\/nk.krasic.com\/wp-content\/uploads\/2008\/05\/krasic1.thumbnail.jpg\" alt=\"krasic1.jpg\" \/><\/a><\/p>\n","protected":false},"excerpt":{"rendered":"<p>Utakmica finale kupa&#8230;22.05.2008. Jamnica &#8211; Kra\u0161i\u0107 0-1, strijelac JOSIP PENI\u0106 &#8211; MICEK (as.Dario Novosel)<\/p>\n","protected":false},"author":2,"featured_media":0,"parent":0,"menu_order":0,"comment_status":"open","ping_status":"open","template":"","meta":{"footnotes":""},"yoast_head":"<!-- This site is optimized with the Yoast SEO plugin v20.1 - https:\/\/yoast.com\/wordpress\/plugins\/seo\/ -->\n<title>FOTO:Kup,Jamnica-Kra\u0161i\u0107 - NK Kra\u0161i\u0107<\/title>\n<meta name=\"robots\" content=\"index, follow, max-snippet:-1, max-image-preview:large, max-video-preview:-1\" \/>\n<link rel=\"canonical\" href=\"https:\/\/nk.krasic.com\/?page_id=1149\" \/>\n<meta property=\"og:locale\" content=\"en_US\" \/>\n<meta property=\"og:type\" content=\"article\" \/>\n<meta property=\"og:title\" content=\"FOTO:Kup,Jamnica-Kra\u0161i\u0107 - NK Kra\u0161i\u0107\" \/>\n<meta property=\"og:description\" content=\"Utakmica finale kupa&#8230;22.05.2008. Jamnica &#8211; Kra\u0161i\u0107 0-1, strijelac JOSIP PENI\u0106 &#8211; MICEK (as.Dario Novosel)\" \/>\n<meta property=\"og:url\" content=\"https:\/\/nk.krasic.com\/?page_id=1149\" \/>\n<meta property=\"og:site_name\" content=\"NK Kra\u0161i\u0107\" \/>\n<meta property=\"article:modified_time\" content=\"2008-05-26T21:02:48+00:00\" \/>\n<meta property=\"og:image\" content=\"http:\/\/nk.krasic.com\/wp-content\/uploads\/2008\/05\/img_1426.thumbnail.jpg\" \/>\n<meta name=\"twitter:card\" content=\"summary_large_image\" \/>\n<script type=\"application\/ld+json\" class=\"yoast-schema-graph\">{\"@context\":\"https:\/\/schema.org\",\"@graph\":[{\"@type\":\"WebPage\",\"@id\":\"https:\/\/nk.krasic.com\/?page_id=1149\",\"url\":\"https:\/\/nk.krasic.com\/?page_id=1149\",\"name\":\"FOTO:Kup,Jamnica-Kra\u0161i\u0107 - NK Kra\u0161i\u0107\",\"isPartOf\":{\"@id\":\"https:\/\/nk.krasic.com\/#website\"},\"datePublished\":\"2008-05-26T18:56:06+00:00\",\"dateModified\":\"2008-05-26T21:02:48+00:00\",\"breadcrumb\":{\"@id\":\"https:\/\/nk.krasic.com\/?page_id=1149#breadcrumb\"},\"inLanguage\":\"en-US\",\"potentialAction\":[{\"@type\":\"ReadAction\",\"target\":[\"https:\/\/nk.krasic.com\/?page_id=1149\"]}]},{\"@type\":\"BreadcrumbList\",\"@id\":\"https:\/\/nk.krasic.com\/?page_id=1149#breadcrumb\",\"itemListElement\":[{\"@type\":\"ListItem\",\"position\":1,\"name\":\"Home\",\"item\":\"https:\/\/nk.krasic.com\/\"},{\"@type\":\"ListItem\",\"position\":2,\"name\":\"FOTO:Kup,Jamnica-Kra\u0161i\u0107\"}]},{\"@type\":\"WebSite\",\"@id\":\"https:\/\/nk.krasic.com\/#website\",\"url\":\"https:\/\/nk.krasic.com\/\",\"name\":\"NK Kra\u0161i\u0107\",\"description\":\"Slu\u017ebene stranice NK&quot;Kra\u0161i\u0107&quot;\",\"potentialAction\":[{\"@type\":\"SearchAction\",\"target\":{\"@type\":\"EntryPoint\",\"urlTemplate\":\"https:\/\/nk.krasic.com\/?s={search_term_string}\"},\"query-input\":\"required name=search_term_string\"}],\"inLanguage\":\"en-US\"}]}<\/script>\n<!-- \/ Yoast SEO plugin. -->","yoast_head_json":{"title":"FOTO:Kup,Jamnica-Kra\u0161i\u0107 - NK Kra\u0161i\u0107","robots":{"index":"index","follow":"follow","max-snippet":"max-snippet:-1","max-image-preview":"max-image-preview:large","max-video-preview":"max-video-preview:-1"},"canonical":"https:\/\/nk.krasic.com\/?page_id=1149","og_locale":"en_US","og_type":"article","og_title":"FOTO:Kup,Jamnica-Kra\u0161i\u0107 - NK Kra\u0161i\u0107","og_description":"Utakmica finale kupa&#8230;22.05.2008. Jamnica &#8211; Kra\u0161i\u0107 0-1, strijelac JOSIP PENI\u0106 &#8211; MICEK (as.Dario Novosel)","og_url":"https:\/\/nk.krasic.com\/?page_id=1149","og_site_name":"NK Kra\u0161i\u0107","article_modified_time":"2008-05-26T21:02:48+00:00","og_image":[{"url":"http:\/\/nk.krasic.com\/wp-content\/uploads\/2008\/05\/img_1426.thumbnail.jpg"}],"twitter_card":"summary_large_image","schema":{"@context":"https:\/\/schema.org","@graph":[{"@type":"WebPage","@id":"https:\/\/nk.krasic.com\/?page_id=1149","url":"https:\/\/nk.krasic.com\/?page_id=1149","name":"FOTO:Kup,Jamnica-Kra\u0161i\u0107 - NK Kra\u0161i\u0107","isPartOf":{"@id":"https:\/\/nk.krasic.com\/#website"},"datePublished":"2008-05-26T18:56:06+00:00","dateModified":"2008-05-26T21:02:48+00:00","breadcrumb":{"@id":"https:\/\/nk.krasic.com\/?page_id=1149#breadcrumb"},"inLanguage":"en-US","potentialAction":[{"@type":"ReadAction","target":["https:\/\/nk.krasic.com\/?page_id=1149"]}]},{"@type":"BreadcrumbList","@id":"https:\/\/nk.krasic.com\/?page_id=1149#breadcrumb","itemListElement":[{"@type":"ListItem","position":1,"name":"Home","item":"https:\/\/nk.krasic.com\/"},{"@type":"ListItem","position":2,"name":"FOTO:Kup,Jamnica-Kra\u0161i\u0107"}]},{"@type":"WebSite","@id":"https:\/\/nk.krasic.com\/#website","url":"https:\/\/nk.krasic.com\/","name":"NK Kra\u0161i\u0107","description":"Slu\u017ebene stranice NK&quot;Kra\u0161i\u0107&quot;","potentialAction":[{"@type":"SearchAction","target":{"@type":"EntryPoint","urlTemplate":"https:\/\/nk.krasic.com\/?s={search_term_string}"},"query-input":"required name=search_term_string"}],"inLanguage":"en-US"}]}},"_links":{"self":[{"href":"https:\/\/nk.krasic.com\/index.php?rest_route=\/wp\/v2\/pages\/1149"}],"collection":[{"href":"https:\/\/nk.krasic.com\/index.php?rest_route=\/wp\/v2\/pages"}],"about":[{"href":"https:\/\/nk.krasic.com\/index.php?rest_route=\/wp\/v2\/types\/page"}],"author":[{"embeddable":true,"href":"https:\/\/nk.krasic.com\/index.php?rest_route=\/wp\/v2\/users\/2"}],"replies":[{"embeddable":true,"href":"https:\/\/nk.krasic.com\/index.php?rest_route=%2Fwp%2Fv2%2Fcomments&post=1149"}],"version-history":[{"count":0,"href":"https:\/\/nk.krasic.com\/index.php?rest_route=\/wp\/v2\/pages\/1149\/revisions"}],"wp:attachment":[{"href":"https:\/\/nk.krasic.com\/index.php?rest_route=%2Fwp%2Fv2%2Fmedia&parent=1149"}],"curies":[{"name":"wp","href":"https:\/\/api.w.org\/{rel}","templated":true}]}}